 be 6/(-10) + (-1494)/(-15). Let i = 39 - h. What is the remainder when ((-6)/(-4))/((-9)/i) is divided by 4?
2
Suppose -10 + 2 = -4*y. Suppose 132 = -2*m + y. Let s = -39 - m. Calculate the remainder when 50 is divided by s.
24
Calculate the remainder when 14 is divided by -6*(-6)/9*1.
2
Let p = -109 - -155. Let q(h) = h**2 + 6*h + 9. What is the remainder when p is divided by q(-7)?
14
Let s be (-4)/6 - (-66)/18. Suppose s*r = -15, l + 0*l - 5*r - 57 = 0. Suppose -4*z + l = -2*z. Calculate the remainder when 30 is divided by z.
14
Suppose -m = -3*m + 2. Let j(d) = 3*d**3 + 2*d**2 - 2*d + 1. Let p be j(m). Calculate the remainder when 246/8 - (-1)/p is divided by 11.
9
Let t = 0 + 13. Calculate the remainder when 23 is divided by t.
10
Let h be (14 + -2)/2*1. Suppose 5*u = 5*d - 0*u - 90, -h = -2*u. What is the remainder when d is divided by 6?
3
Suppose -42 = -4*o + 2*s, 4*s + 43 = 3*o + 9. What is the remainder when 39 is divided by o?
9
Let j be (-4 - 0) + 3 + 10. Let r be -6*((-15)/j - -2). What is the remainder when 62 is divided by (-64)/(-6)*(-3)/r?
14
Suppose -4*o + 8*o = 16. Let s = 16 + o. Calculate the remainder when ((-116)/6)/(3/(-9)) is divided by s.
18
Let i be (-4)/18 - (-290)/9. Let g = -12 + i. What is the remainder when 58 is divided by g?
18
Let o(i) = 11*i**2 + i + 1. Suppose -3*p + 24 = 6. Suppose -8 = 2*q - p*q. What is the remainder when o(q) is divided by 12?
11
Suppose 0 = -4*t + 31 + 9. What is the remainder when 62 is divided by (-4)/t + (-214)/(-10)?
20
What is the remainder when 72/(14/(-4)*4/(-28)) is divided by 29?
28
Suppose 2*v - 19 = 23. Calculate the remainder when 60 is divided by v.
18
Let y(q) = 2*q - 4. Let f be y(4). Let o(g) = g**3 - 3*g**2 + 7*g - 6. Calculate the remainder when o(f) is divided by (-3)/(3/2) - -15.
12
Let h = -181 - -254. What is the remainder when h is divided by 15?
13
Let r(s) = s + 4. Calculate the remainder when 15 is divided by r(0).
3
Suppose -2*g = -3*g + 2*m + 50, -4*g - 2*m = -180. Calculate the remainder when g is divided by 7.
4
Suppose 0 = -4*d + 3 - 7, -i + 4*d + 31 = 0. Calculate the remainder when i is divided by 15.
12
Suppose r - 4 = 0, -5*s + 4*r + 13 = -46. Suppose 3*z - 40 = 47. Calculate the remainder when z is divided by s.
14
What is the remainder when 1/(-7) - 50868/(-189) is divided by 54?
53
Suppose -107 + 14 = -3*f. What is the remainder when 121 is divided by f?
28
Let s = 43 - 26. What is the remainder when (-2)/11 + (-1825)/(-55) is divided by s?
16
Let y be 3*(-14)/(-3) - 2. Let g = 20 - y. Let n(w) = w**2 - 4*w - 6. Calculate the remainder when n(7) is divided by g.
7
Suppose 18 = -0*a + 2*a. Calculate the remainder when 0/a - (-120)/2 is divided by 21.
18
Let x(k) = k**2 - 2*k - 4. What is the remainder when ((-672)/72)/((-4)/18) is divided by x(5)?
9
Suppose -2*j + c - 60 = -3*j, -j - 3*c = -56. Calculate the remainder when j is divided by 16.
14
Let y(g) = -2*g + 13. What is the remainder when y(6) is divided by 1?
0
Suppose 0*y - 5*z = -y + 41, 0 = -2*y + 2*z + 50. Suppose 5*w - 61 = 139. Calculate the remainder when w is divided by y.
19
Let p be (2 + 1)/(-6 + 7). Suppose p*f = f + 14. Calculate the remainder when f is divided by 3.
1
Let d(y) = -9*y + 2. Let p be 4/10 - (-66)/(-15). What is the remainder when d(p) is divided by 10?
8
Suppose -p - 24 = -5*r, 0 = -2*p - 2*p + 3*r - 113. Let a = -15 - p. Calculate the remainder when a is divided by 8.
6
Suppose 2*s + 54 = 4*s. What is the remainder when s is divided by 7?
6
Let b = -5 + 36. Let x(n) = -n**3 + 3*n**2 + 4*n. Let j be x(3). Suppose 0 = -h - 1 + j. What is the remainder when b is divided by h?
9
Suppose -5 = -m + 5. Let t = m + -3. What is the remainder when 12 is divided by t?
5
Suppose x + 117 = 5*x + 5*o, -5*x + 4*o = -95. Let i = x - 13. What is the remainder when i is divided by 6?
4
Suppose -494 = -17*t - 2*t. Calculate the remainder when t is divided by 7.
5
Suppose i + 390 = 6*i. Let x = i + -22. Let m(c) = 3*c**2 + 2*c - 2. What is the remainder when x is divided by m(-3)?
18
Let j = -5 + 32. Calculate the remainder when j is divided by 14.
13
Suppose 0 = h - 13 - 31. Let t = h + -16. What is the remainder when t is divided by 15?
13
Suppose n + 4*c = -10, 2*n = 3*c + 2*c + 19. Suppose -52 = -n*m + 46. What is the remainder when m is divided by 16 + (2 - 4)/(-2)?
15
Let f(w) = 7*w - 23. What is the remainder when 159 is divided by f(9)?
39
Let l(m) = 3*m**3 + 2*m - 1. Let u be l(1). Let b = 3 + u. Calculate the remainder when 20 is divided by b.
6
Calculate the remainder when 1/(822/(-165) + 5) is divided by 4/(5/(-7) + 1).
13
Suppose 90 = 4*x - 6. Suppose -27 = -p + x. Calculate the remainder when p is divided by 13.
12
Suppose -1 + 7 = -4*r - 2*h, 0 = 4*r + 3*h + 9. Suppose -w + 4 + 1 = r. What is the remainder when w is divided by 3?
2
Let l be 27*(-3)/(0 - 3). Suppose 0 = -2*x + m + l, 32 = 2*x + 7*m - 3*m. Suppose -57 = -2*d - 3. Calculate the remainder when d is divided by x.
13
What is the remainder when 2/10 + (-3445)/(-25) is divided by 47?
44
Let l(t) = -10*t + 2. Let b(d) = -d - 1. Let v be 0 + 1 + 4 + -6. Let h(m) = v*l(m) + 3*b(m). What is the remainder when h(7) is divided by 15?
14
Suppose 5*p + 5*x = 120, 3*x = -3*p - 2*p + 128. What is the remainder when p is divided by 6?
4
Suppose -2*g - 3*n = -69, -2*g - n + 133 = 2*g. What is the remainder when 129 is divided by g?
30
Suppose 0 = 5*s + 3 - 23. Calculate the remainder when s is divided by 3.
1
Suppose -i + 10 + 0 = 0. Let u(g) = 3*g. Let k be u(1). Let z = i - k. What is the remainder when z is divided by 4?
3
Let t(w) = -w + 44. What is the remainder when t(26) is divided by 7?
4
Let a = -10 + 0. Let d(v) = -4*v - 4. Let l be d(a). Suppose -b + l = -8. Calculate the remainder when b is divided by 15.
14
Let b(h) = -h + 25. Let z = -18 + 13. Let w(r) = -r + 4. Calculate the remainder when b(0) is divided by w(z).
7
Let c = 9 + -6. Suppose -2*r - s = -14, 3*r - 31 = -c*s - s. What is the remainder when 18 is divided by r?
3
Let f(q) be the first derivative of 3/2*q**2 + 1/3*q**3 - 6*q - 1. What is the remainder when 10 is divided by f(-5)?
2
Suppose 3*a + 12 = -0*a. Let q = 2 - a. What is the remainder when 10 is divided by q?
4
Let k = 40 + -10. Let c = 121 - k. Suppose -c = -5*j + 99. What is the remainder when j is divided by 13?
12
Let p(q) = 2*q**3 - 6*q**2 - 2*q + 11. What is the remainder when p(5) is divided by 26?
23
Suppose -2*a = 4*t - 16, -a - 2*a = 3*t - 21. Let u(g) = g**2 - 7*g + 8. Let s(o) = -o - 14. What is the remainder when s(-18) is divided by u(a)?
0
Let b(q) be the first derivative of -37*q**4/4 - q**3/3 - q**2 - q - 2. Suppose -2 + 7 = -5*t. Calculate the remainder when b(t) is divided by 13.
11
Suppose 2*u = u + 5. Let h = 27 + -18. What is the remainder when h is divided by u?
4
Let v(h) = -10*h - 10. Let s(g) = -3*g - 3. Let r(j) = 7*s(j) - 2*v(j). What is the remainder when (-2)/(-3) - (-104)/6 is divided by r(-6)?
3
Let n = 4 - 0. What is the remainder when ((-12)/(-4) + n)*1 is divided by 2?
1
Let q = 43 - -108. Calculate the remainder when q is divided by 14.
11
Let d = 224 + -157. Suppose -4*h - 5*l = -h - d, 5*h + 2*l - 80 = 0. Suppose 0 = -5*r - 19 + 224. Calculate the remainder when r is divided by h.
13
Let o be -5*(-3)/(-6)*-4. Suppose o = 2*p - 4*u, 3*p - 50 + 15 = -4*u. Calculate the remainder when p is divided by 5.
4
Suppose 3*c = -2*c + 30. What is the remainder when c is divided by (-32)/12*6/(-4)?
2
Let y be 1 + 1 - (-2 - 1). Calculate the remainder when 61 is divided by (-6 + y)/((-1)/21).
19
Suppose 0 = -4*z + 20, z - 5*z + 5 = -5*p. Suppose 0 = -p*t + 4*t - 6. Calculate the remainder when 17 is divided by t.
5
Suppose -t + 88 + 19 = 0. What is the remainder when t is divided by 36?
35
Let l = 14 + -9. Calculate the remainder when 14 is divided by l.
4
Let g(z) = -z**3 + 15*z**2 + 16*z + 20. Calculate the remainder when g(16) is divided by 11.
9
Let z = -7 + 9. What is the remainder when (150 - 2)/z + -3 is divided by 18?
17
Suppose 128 + 82 = 2*w. Suppose w = 3*v - 0*v. Calculate the remainder when v is divided by 18.
17
Let f(k) = 37*k - 4. Calculate the remainder when f(3) is divided by 37.
33
Suppose -3*j + 32 = -5*j. Let v = -3 - j. Calculate the remain